remainder when s(-7) is divided by t.
5
Suppose 0 = -t - 3, a - 4*t + 7*t = 8. Calculate the remainder when a is divided by 10.
7
Suppose 0 = v - 0*v. Suppose v = 3*j - 4*d - 79, -104 = -3*j - j + 5*d. What is the remainder when j is divided by 6?
3
Let z = 255 - 241. Suppose l + 16 = -3*l, l - 35 = -m. Calculate the remainder when m is divided by z.
11
Let a(z) = z + 10. Let b be a(-8). Suppose b*j - 70 = 56. Calculate the remainder when j is divided by 11.
8
Let w(j) = 9*j + 9. Suppose -31*n + 58*n + 28*n = 2035. What is the remainder when w(7) is divided by n?
35
Let w = 2 + 4. What is the remainder when ((-6)/72)/((-1)/3) + (-1474)/(-88) is divided by w?
5
Suppose -2*z = p - 1, 3*z - 20 + 2 = 4*p. Let s = z + -8. Calculate the remainder when 6 is divided by (s/4)/(3/(-8)).
2
Let t(q) = 2*q + 4. Let a(f) = f**2 - 5*f - 9. Let c be a(7). Calculate the remainder when 23 is divided by t(c).
9
Suppose 7*i + 14 = 0, i - 22 + 4 = -5*z. Calculate the remainder when 11 is divided by z.
3
Let n be (-9)/6*(-110)/3. Let x = 131 - n. Calculate the remainder when x is divided by 40.
36
Let w(b) be the third derivative of -b**4/8 + b**3/2 - b**2. Let o(f) = f**3 + 6*f**2 + 5*f + 1. What is the remainder when w(-7) is divided by o(-4)?
11
Let n = 3 - 0. Let f be 2*(28 + -4 + 4). Suppose 7*s - 3*s = -4*h + 224, n*s - f = -h. What is the remainder when h is divided by 29?
27
Let v = -73 + 69. Calculate the remainder when 39 is divided by v + 18 + (-3)/(-3).
9
Let u(z) = 3 - 2*z**2 + 6*z**2 + 0*z**2 - z - 1. Let c be u(-2). Let r = c - 14. Calculate the remainder when 15 is divided by r.
3
Suppose 0 = 3*i - 7*n + 9*n - 154, 2*i = -3*n + 106. Calculate the remainder when i is divided by 6.
2
Let f(i) = -2*i + 15. Suppose -4*b = -9*b. Suppose 0 = o - 4*o + 2*w + 22, b = -2*o - 3*w + 32. What is the remainder when o is divided by f(6)?
1
Let j = -79 - -112. Let f = 29 + j. Calculate the remainder when f is divided by 14.
6
Let w = 1453 + -972. Calculate the remainder when w is divided by 165.
151
Let h(k) = k**3 - 7*k**2 + 12*k + 17. Let d be h(10). Suppose -4*r + 339 = -d. What is the remainder when r is divided by 49?
47
Let k be 20/5*14/6*3. Suppose k*p - 25*p - 231 = 0. Calculate the remainder when p is divided by 20.
17
What is the remainder when 1/7*-2 + (-29070)/(-266) is divided by 46?
17
Let w = -60 + 78. Calculate the remainder when (-157)/(-3) - (-8)/(-24) is divided by w.
16
Let m = -21 - -15. Let h be ((-5)/(-2))/(-5)*20. Let q = m - h. Calculate the remainder when q is divided by 3.
1
Let d be (-14)/(-1*6/3). Suppose -3*j - 12 = -d*j. Calculate the remainder when -75*-2*j/15 is divided by 11.
8
Let p = 655 - 634. What is the remainder when p is divided by 8?
5
Let j(o) = -o**3 - 60*o**2 - 62*o - 143. What is the remainder when j(-59) is divided by ((-60)/(-8))/((-6)/(-16))?
14
Suppose 0 = 2*p - 4, -4*d + 2*p - 3*p = -126. What is the remainder when 122 is divided by d?
29
Let m = 6 - -4. Let l = m + 13. What is the remainder when 89 is divided by l?
20
Let y(f) = -5*f**2 + 1. Let d be y(1). Let z be (-6 - (-4 - -2))/d. Let x = z + 6. What is the remainder when 24 is divided by x?
3
Let b(w) = 12*w - 17 + 6*w + 4*w**2 - 5*w**2. Calculate the remainder when b(9) is divided by 33.
31
Suppose -2*o = -5*q + 462, 14*o = 9*o + 20. Calculate the remainder when q is divided by 45.
4
Calculate the remainder when 418 is divided by ((-42)/(-8))/(3/(-36)*-3).
19
Suppose 5*g - 75 = 3*k, -4*k + 30 - 98 = -4*g. What is the remainder when 90 is divided by g?
6
Suppose 8*t = 350 + 298. Calculate the remainder when t is divided by 29.
23
Let f = 30 - -1. Let d = f - 23. Calculate the remainder when 13 is divided by d.
5
Calculate the remainder when (-2 + 3)*((-9 - -69) + 1) is divided by 47.
14
Suppose 0 = 2*f + 3*z + 209 - 88, -5*z = -3*f - 229. Let t = f - -170. What is the remainder when t is divided by 27?
21
Suppose -4*l - 97 = -5*w - 0*l, 4*w - 3*l - 78 = 0. Let c be (-14)/(-49) - 69/w. Calculate the remainder when 37 is divided by ((-30)/3)/(c/6).
17
Let d(x) = 5*x**2 - x + 14. Let c be d(5). Let u = 202 - c. Calculate the remainder when u is divided by 10.
8
Suppose 5*o = 3*x - 17, 8*x - 4*x + 16 = -3*o. Let w be (4/12)/(o/(-60)). Let v(p) = 4*p**2 - 12*p - 2. What is the remainder when v(w) is divided by 13?
12
Suppose 94 = 5*o + 19. Suppose -o = 4*r - 5*r. Let a = 90 - 46. Calculate the remainder when a is divided by r.
14
Let x(s) = s**3 - 24*s**2 + 26*s + 52. Calculate the remainder when x(23) is divided by 34.
19
Calculate the remainder when 77 is divided by 61/3 + 56/(-42) + -3.
13
Let l = 31 - 13. Calculate the remainder when (-12 - 348/(-30))*-125 is divided by l.
14
Let y(v) = v**2 - v + 4. Let d be y(0). Suppose g = d*g - 3*k - 45, 4*g = k + 57. Suppose -8*b + 33 = -31. Calculate the remainder when g is divided by b.
6
Calculate the remainder when 34132/72 - (-7)/(-126) is divided by 96.
90
Suppose 353 + 643 = 4*f. What is the remainder when f is divided by 7?
4
What is the remainder when 91 is divided by (-1 + 12 - -8)/(3/3)?
15
Suppose 6*q = 174 - 6. Calculate the remainder when 70 is divided by q.
14
Let r(w) = -31*w + 394. What is the remainder when r(-11) is divided by 37?
32
Suppose 1150 = 10*x + 13*x. What is the remainder when 181 is divided by x?
31
Suppose 12*b - 184 = 212. Calculate the remainder when 94 is divided by b.
28
Let l be 1/(-2)*5*(-6)/5. Suppose -l*j = 4*c - 48 + 12, 0 = -c - 3. Calculate the remainder when 45 is divided by j.
13
Suppose 59*v - 62*v = -183. Let q(g) = -5*g + 71. Calculate the remainder when v is divided by q(11).
13
Let u(t) = t**2 - 3*t. Let b be u(5). Let z(w) = -w - 5. Let j(o) = -o - 11. Let d(p) = 4*j(p) - 7*z(p). Calculate the remainder when d(b) is divided by 12.
9
Let n be -1*(-3)/(-3)*-2. Suppose -4*y + 376 = 3*c, -n*c + 340 = 4*y - 36. Let i = y + -46. What is the remainder when i is divided by 17?
14
Let i(f) = f**2 + 4*f. Let l(q) = -q**2 - 17*q - 21. Calculate the remainder when i(-8) is divided by l(-15).
5
Let a(h) = -h**3 - 11*h**2 - 17*h + 3. Let x be a(-9). Let m be (-26)/8 + (-3)/4. Calculate the remainder when (-184)/x - m/(-6) is divided by 11.
8
Let o(b) = b**3 + 45*b**2 - 38*b + 396. Calculate the remainder when 559 is divided by o(-46).
27
Let x = 7 + -19. Let o = x - -22. Let a = -17 + 32. Calculate the remainder when a is divided by o.
5
Let x(n) = -10*n. Let g be x(-2). Let c = g + 11. Suppose -33 = 3*h - 6*h. What is the remainder when c is divided by h?
9
Let t(r) = 4*r + 53. Let j be t(-11). Let f(y) = y**2 - 10*y + 33. What is the remainder when f(j) is divided by 4?
0
Suppose -2*y - 3*x + 3 = -0*y, 0 = 4*y - 2*x - 46. Suppose -3*n - 87 = -6*n + 3*m, 2*n - m = 62. Calculate the remainder when n is divided by y.
6
Suppose -4*p - 22 = -2, -820 = -5*v + 2*p. Calculate the remainder when v is divided by 33.
30
Let q = -1031 + 1536. Let h = -289 + q. Suppose h - 51 = 5*c. Calculate the remainder when c is divided by 12.
9
Let w(c) = 6*c - 3. Let k = 10 - -48. Let f = k - -23. Calculate the remainder when f is divided by w(4).
18
Suppose -o - 5*b + 21 = 0, 2*b + 1 = -4*o - b. Calculate the remainder when 4*(-3)/(-24)*134 is divided by o/((-8)/34) - 3.
11
Suppose 16 = -4*n, 5*t + 2*n - 86 = -19. Suppose -8 = -g + t. What is the remainder when g is divided by 5?
3
Let p(t) = 7*t - 3. Let w = 84 + -88. Calculate the remainder when p(5) is divided by (-4158)/(-242) - w/(-22).
15
Let w be (5 + -1)/((-27)/(-27)). Suppose 5*x = -3*h + 68, -2*x + x - 83 = -w*h. Calculate the remainder when 79 is divided by h.
16
Calculate the remainder when 28 is divided by 7 + -1 + (-42)/(-3).
8
Let m(r) = r**2 + 4*r - 3. Let n be m(-5). Suppose 0 = -n*u + 1 + 1. Calculate the remainder when 128/60 + 2/(-15) is divided by u.
0
Suppose 4*v - 2*b = 166, -3*v - 2*b = -3*b - 123. What is the remainder when 148 is divided by v?
28
Let p be 1/(-4) + (-54)/8. Let r(k) be the third derivative of -k**5/60 - 5*k**4/12 - 17*k**3/6 - 17*k**2. What is the remainder when 11 is divided by r(p)?
3
Calculate the remainder when 89 is divided by 41/(-6) + 7 - (-281)/6.
42
Suppose -36 = -o - 19. What is the remainder when 27 is divided by o?
10
Let y = -2220 + 2268. What is the remainder when 571 is divided by y?
43
Let r 